e third derivative of 11*r**5/60 - r**4/24 - r**3/3 + 2*r**2. Let t be g(2). List the prime factors of (t/3)/((-20)/(-30)).
2, 5
Suppose 0 = c + t + 1, 3*c + 38 = 4*t. Suppose -11 = -3*r + 4*z, -3*z + z = -8. Let a = r + c. List the prime factors of a.
3
Let p be (-3 + (-16)/24)/((-1)/3). Suppose 0 = 5*k - 5*j - 25, -k - 4*j + 5 = -2*j. Let t = p - k. List the prime factors of t.
2, 3
Let u be -2*((-93)/6 + -2). Suppose -4*f + 9 - u = -2*m, -4*f - 5 = -m. Suppose 0 = p - 7 - m. What are the prime factors of p?
2, 7
Let t(g) = g - g**3 + 4*g**2 + 2*g + 5*g**2 - 4. Suppose 3*x = 5*o - 30, -3*o - 1 = -x - 23. What are the prime factors of t(o)?
23
Let r(c) = -c**3 + 14*c**2 + 4. Let l be r(14). Suppose 19 = l*t - 21. What are the prime factors of t?
2, 5
Let f be (5/(-4))/(9/(-252)). List the prime factors of 2*(0 + f/10).
7
Let p(i) = 69*i**2 - 67*i - 429. What are the prime factors of p(-6)?
3, 7, 13
Let a(f) = -2*f**2 - 59*f - 75. Let o be a(-28). Suppose 4 = c, 0 = -l + 4*c - 9 - 2. Suppose -l*p = -o*p + 216. What are the prime factors of p?
2, 3
List the prime factors of ((-3)/18)/((1/(-1))/16134).
2689
Suppose 2*a = -4*g + 15 - 5, 0 = 2*a + 5*g - 15. Let x(w) = 2*w + 11. Let o be x(a). Let b(q) = 18*q**3 + q**2. List the prime factors of b(o).
19
Let t = 5 + -1. Suppose -2*u - 2*j - 299 = -25, -t*u = -4*j + 540. What are the prime factors of (u/(-24))/(1/3)?
17
Let t(f) = 2*f - 4. Let c be t(3). Suppose -3*p - 2*p = c*k - 8, 5*k - 20 = -3*p. Suppose p = -4*d + 3*y + 63, 0*y = 4*d - y - 61. List the prime factors of d.
3, 5
Let g(n) = 9*n**2 - 2*n - 1. Let c be g(-1). Suppose 8*u - 8 = c*u. List the prime factors of (39/(-2))/(2/u).
3, 13
Let h = 6 + 0. Suppose 17*x + 146 = 809. Suppose -2*d + h = s - x, d + 3*s = 15. List the prime factors of d.
2, 3
Let m = 1366 - 260. What are the prime factors of m?
2, 7, 79
Let h(r) = -r**2 + 7*r + 15. Suppose -48 = -4*v - 2*v. Let j be h(v). Suppose j*o = 5*o + 42. What are the prime factors of o?
3, 7
Let j = -1103 + 785. Let a = 452 + j. List the prime factors of a.
2, 67
Suppose -26*z = 884 - 8788. List the prime factors of z.
2, 19
Let m(i) = -30*i**3 + 13*i**3 - i + 18*i**3 + 5 + 8*i**2. Let p be m(-5). Let x = -48 + p. List the prime factors of x.
37
Let a(z) = -2*z**3 - 20*z**2 - 35*z - 35. What are the prime factors of a(-12)?
31
Suppose -s = -5*s + 180. Let o be 2142/s + 4/10. List the prime factors of 3 - 11/((-11)/o).
3, 17
Let s(q) = 5*q**2 - 5. Let x(a) = a**2 + a. Let z = 5 - 4. Let b(p) = z*s(p) - 4*x(p). List the prime factors of b(7).
2
Let h(k) = 5*k**2. Let n = -13 - -12. Let i be h(n). Suppose 3*y - 50 = i*b, -7*b + 2*b = -y + 30. List the prime factors of y.
2, 5
Suppose 3*x = -2*o + 16, 0 + 1 = 3*x - o. List the prime factors of 6/((-72)/(-1086)) + x/(-4).
2, 3, 5
Let y(v) = 74*v**2 + 59*v + 208. List the prime factors of y(-4).
2, 17
List the prime factors of 2 + 45/(-24) - (-58485)/280.
11, 19
Let k(m) = m**3 - 22*m**2 + 40*m - 36. What are the prime factors of k(21)?
3, 11
Let f = -20 - -33. Let b be (-18)/(-8) - (-4)/(-16). Suppose d + b*z = 6*z - 14, 3*d - f = z. List the prime factors of d.
2, 3
List the prime factors of 207 + (104/28 - 2/(-7)).
211
Let t(i) = i**3 + i**2. Let a(b) = -4*b**3 + 11*b**2 - 14*b - 18. Let q(y) = a(y) + 5*t(y). List the prime factors of q(-16).
2, 103
Let n(p) be the third derivative of p**6/24 - p**5/30 - p**4/4 - p**3/6 + 31*p**2. List the prime factors of n(3).
2, 7
Let a(l) = -l**3 - 28*l**2 + 17*l + 43. List the prime factors of a(-30).
31, 43
Let j(b) = 74*b + 586. What are the prime factors of j(26)?
2, 5, 251
List the prime factors of (-22)/(-4)*438 - (-546 - -551).
2, 601
Suppose -24 = -0*c - c + w, -2*c = -4*w - 52. Let g = c + -18. Suppose -3*a = t - 58, 2*t = -5*a + g*t + 82. What are the prime factors of a?
2, 3
Let u(s) = s**2 - 9*s + 7. Let b be u(8). Let w = b + 3. Suppose 20 = -5*j, 2*r - w*j - 88 = -2*r. What are the prime factors of r?
2, 5
Let x be 0*(-3 - (-2 - 0)). Suppose 3*v = -4*a - 25, a - 3*v + 0*v + 10 = x. Let s(b) = -b**3 - 7*b**2 - 2*b - 2. What are the prime factors of s(a)?
2, 3
Let x = -11 - -423. What are the prime factors of x?
2, 103
Let f(r) = r**3 - 15*r**2 + 19*r + 20. Suppose -56 = 11*g - 15*g. List the prime factors of f(g).
2, 3, 5
Let w = 8 + -7. Let o(i) = 2*i**2. Let s be o(w). What are the prime factors of (s/(-3))/(8/(-84))?
7
Suppose -3*n - 2*n + 200 = 0. Suppose -9*b + 15 = -5*b - 5*j, b = 2*j. Suppose -5*c - b = -n. List the prime factors of c.
2, 3
Let l = 1 - 1. Suppose 8*f - 4*f - 8 = l. List the prime factors of 268/12 + f/(-6).
2, 11
Suppose 0 = a - 3*c - 1223, -12*a + 6059 = -7*a - c. What are the prime factors of a?
7, 173
Suppose -5*n + 3640 = -g, 14*n + 3*g = 17*n - 2172. List the prime factors of n.
3
Let j(d) = -91*d + 9. Let o(z) = -46*z + 5. Let h(w) = 2*j(w) - 5*o(w). What are the prime factors of h(2)?
89
Suppose -q = -1149 - 501. List the prime factors of q.
2, 3, 5, 11
Let n(j) = j**2 + 12*j + 6. Let m be n(-11). Let b be 1*(-5)/(m/271). Suppose -4*g = g - 3*i - b, 0 = -3*g - i + 157. What are the prime factors of g?
53
Let r = -23 + 26. List the prime factors of r/15 - (-133)/35.
2
Let h(l) = l**2 - 15*l + 10. Let p be h(15). What are the prime factors of p/3*(-135)/(-30)?
3, 5
Suppose -74*n = -59*n - 51585. What are the prime factors of n?
19, 181
Suppose 2*a - 2*b - 2886 = 0, -4*a + 2663 = -2*b - 3117. What are the prime factors of a?
1447
Let d(w) = -w**2 - 10*w + 2. Let a(u) = -u**3 + 2*u**2. Let o be a(2). Suppose 11*b - 7*b + 36 = o. List the prime factors of d(b).
11
Suppose 3*z + 4*q - 2652 = 0, -4385 = -5*z - 0*q + 5*q. List the prime factors of z.
2, 5, 11
Let b(f) = -f**3 + 3*f**2 + 6*f - 6. Let g be b(4). Suppose -3*u = -g*u - 136. Suppose 5*i + 36 = u. List the prime factors of i.
2, 5
Let d(w) = -w**3 - w**2 - 2*w + 1363. What are the prime factors of d(0)?
29, 47
Let n(u) = 52*u + 3. Let m be n(6). Suppose m = 3*a + 2*a. Suppose -a = -c - 2*c. List the prime factors of c.
3, 7
Let x(y) = 46*y**2 - 11*y - 137. What are the prime factors of x(-7)?
2, 1097
Let f(x) = -x**2 - 8*x + 4. Let m be f(-6). Let g be ((-20)/2)/(m/24). What are the prime factors of (3 + 36/g)*55?
3, 11
Let x(v) = v**3 - 8*v**2 - 5. Let p be x(8). Let a(i) = -i**3 - i**2 + 2*i - 11. What are the prime factors of a(p)?
79
Let j(s) = -s**2 - s + 173. Let w be j(0). Suppose 3*y + 59 = w. Suppose 0 = -2*d + 4*d - y. What are the prime factors of d?
19
What are the prime factors of -1 - -7 - (-1 - (4658 - 7))?
2, 17, 137
Suppose 2*x = 14 + 64. Suppose 0 = 3*h - 4*h + x. List the prime factors of h.
3, 13
Suppose -4*l = 48 + 80. Let p be (l + -3 + 3)*-1. Suppose 0 = -5*j + p + 68. What are the prime factors of j?
2, 5
Let a be 18/(-15)*80/24. Let r be 363/(-6) - (-1)/2. List the prime factors of a - (r + 3) - 0.
53
What are the prime factors of (2 + 1163)*(2 - (-7)/(-5))?
3, 233
Suppose 6 = -4*c + 2, 0 = 2*d + 3*c - 9. What are the prime factors of 1119/15 - -3*d/45?
3, 5
Let b be (3 + (3 - -4))*1/2. Let l(z) = 5*z**2 + 10*z - 8. List the prime factors of l(b).
167
Suppose 2*d = -5*f + 72 + 87, 2*f - 52 = 5*d. Let y = f - 18. What are the prime factors of y?
13
Suppose -4*g = -0*w + 3*w + 1, g - 5 = w. Let p = g + 0. List the prime factors of p/(-3)*(-186)/4.
31
Suppose -2*r - 3*r = 30. What are the prime factors of 305/15 - 4/r?
3, 7
Let v = 25 - 19. List the prime factors of (-280)/v*(-45)/30.
2, 5, 7
Let x = 5994 - 2073. List the prime factors of x.
3, 1307
Let q be 3/(9/(-6)) - 1. Let d be 4/q*6/(-4). Suppose 0 = 5*p + d*a - 26 + 1, 0 = 2*p - 5*a - 39. What are the prime factors of p?
7
Let o = -48 + 55. Let t(k) be the third derivative of k**4/8 + 13*k**3/6 - 2*k**2. List the prime factors of t(o).
2, 17
Let u be 1/(4/(-40)) + 4. Let r be (-77)/21 - 4/u. Let l = 59 - r. What are the prime factors of l?
2, 31
What are the prime factors of ((8 - 2) + -7)*-1300?
2, 5, 13
Let k(r) = r**2 + 5*r - 10. Let h be k(-7). Suppose -h*b = -b - 435. Suppose -4*m - 57 + b = 0. List the prime factors of m.
2, 11
What are the prime factors of 399193/222 + 2/(-12)?
2, 29, 31
Suppose -s + 0*s = 4*s. Suppose s = -8*k + 3*k + 450. List the prime factors of k.
2, 3, 5
Suppose 0 = -j - 0*j + 16. Let n be (j/32)/(